{"id":7215,"date":"2025-09-26T16:28:51","date_gmt":"2025-09-26T22:28:51","guid":{"rendered":"https:\/\/makua.com.mx\/eshop\/?post_type=product&#038;p=7215"},"modified":"2025-10-10T21:13:59","modified_gmt":"2025-10-11T03:13:59","slug":"crema-hidratante-de-avellana-cacao-y-miel","status":"publish","type":"product","link":"https:\/\/makua.com.mx\/eshop\/producto\/crema-hidratante-de-avellana-cacao-y-miel\/","title":{"rendered":"Crema Hidratante de Avellana, Cacao y Miel 120g y 250 g"},"content":{"rendered":"<p><strong>Funciones<\/strong>: Para piel muy seca y agrietada.<br \/>\n<strong>Modo de empleo<\/strong>: Aplicar directo sobre la piel con masajes circulares hasta su completa absorci\u00f3n.<br \/>\n<strong>Extractos<\/strong>:\u00a0Aceite de Avellana, cacao y miel\u2028\u2028.<br \/>\n<strong>Recomendaciones<\/strong>: Para pieles muy sensibles y secas.<br \/>\n<strong>Aroma<\/strong>: Dulce.<br \/>\n<strong>Consistencia<\/strong>: Semil\u00edquida.<br \/>\n<strong>INGREDIENTES<\/strong>:\u00a0Agua destilada, glicerina vegetal, alcohol Cetear\u00edlico, cera de Candelilla, manteca de Karit\u00e9, Estearato de Gliceril, Decyl Oleate, manteca de cacao, aceite de oliva y de macadamia extra\u00eddo en fr\u00edo, aceite de avellana, vitamina E, fragancia (certificada libre de ftalatos, disruptores hormonales y parabenos)  y conservador Org\u00e1nico.<\/p>\n","protected":false},"excerpt":{"rendered":"<p>Hidrata, nutre\u00a0y suaviza la piel sin dejar residuos grasos. El Aceite de avellana es rico en vitamina A y E y cuenta con 8 amino\u00e1cidos los cuales tienen un efecto antioxidante. El Cacao es antioxidante considerado un super alimento nutre y aporta una capa protectora que evita la deshidrataci\u00f3n de la piel y los da\u00f1os ocasionados por los radicales libres y contaminaci\u00f3n. La Miel es rica en amino\u00e1cidos, es bactericida y regenera.<\/p>\n","protected":false},"featured_media":7216,"comment_status":"closed","ping_status":"closed","template":"","meta":[],"product_brand":[],"product_cat":[221,222],"product_tag":[],"class_list":{"0":"post-7215","1":"product","2":"type-product","3":"status-publish","4":"has-post-thumbnail","6":"product_cat-crema-corporal","7":"product_cat-cuerpo","9":"first","10":"instock","11":"shipping-taxable","12":"purchasable","13":"product-type-variable"},"_links":{"self":[{"href":"https:\/\/makua.com.mx\/eshop\/wp-json\/wp\/v2\/product\/7215","targetHints":{"allow":["GET"]}}],"collection":[{"href":"https:\/\/makua.com.mx\/eshop\/wp-json\/wp\/v2\/product"}],"about":[{"href":"https:\/\/makua.com.mx\/eshop\/wp-json\/wp\/v2\/types\/product"}],"replies":[{"embeddable":true,"href":"https:\/\/makua.com.mx\/eshop\/wp-json\/wp\/v2\/comments?post=7215"}],"wp:featuredmedia":[{"embeddable":true,"href":"https:\/\/makua.com.mx\/eshop\/wp-json\/wp\/v2\/media\/7216"}],"wp:attachment":[{"href":"https:\/\/makua.com.mx\/eshop\/wp-json\/wp\/v2\/media?parent=7215"}],"wp:term":[{"taxonomy":"product_brand","embeddable":true,"href":"https:\/\/makua.com.mx\/eshop\/wp-json\/wp\/v2\/product_brand?post=7215"},{"taxonomy":"product_cat","embeddable":true,"href":"https:\/\/makua.com.mx\/eshop\/wp-json\/wp\/v2\/product_cat?post=7215"},{"taxonomy":"product_tag","embeddable":true,"href":"https:\/\/makua.com.mx\/eshop\/wp-json\/wp\/v2\/product_tag?post=7215"}],"curies":[{"name":"wp","href":"https:\/\/api.w.org\/{rel}","templated":true}]}}