{"id":72,"date":"2013-06-07T11:25:01","date_gmt":"2013-06-07T11:25:01","guid":{"rendered":"http:\/\/demo2.woothemes.com\/woocommerce\/?post_type=product&#038;p=70"},"modified":"2025-01-25T03:12:40","modified_gmt":"2025-01-25T03:12:40","slug":"aceite-masaje-reanimante","status":"publish","type":"product","link":"https:\/\/makua.com.mx\/eshop\/producto\/aceite-masaje-reanimante\/","title":{"rendered":"Aceite para Masaje Reanimante 125 ml"},"content":{"rendered":"<p><strong>Funciones<\/strong>: Reanimante<br \/>\n<strong>Modo de empleo<\/strong>: Directo en la piel con suaves masajes hasta su completa absorci\u00f3n<br \/>\n<strong>Extractos:<\/strong> Canela, Naranja<br \/>\n<strong>Recomendaciones:<\/strong> Cansancio en piernas y pies<br \/>\n<strong>Aroma<\/strong>: Dulce y picosito<br \/>\n<strong>Consistencia<\/strong>: Oleosa.<br \/>\n<strong>INGREDIENTES:<\/strong> Aceite esencial de naranja, Aceite esencial de canela, Aceite de semilla de uva prensado y olivo en fr\u00edo.<\/p>\n","protected":false},"excerpt":{"rendered":"<p>El aceite esencial de canela es un relajante muscular, mejora la circulaci\u00f3n es anti inflamante, y aporta calor al cuerpo. El aceite esencial de naranja es antioxidante tiene Vitamina C y reduce la piel de naranja. Tambi\u00e9n contiene aceite extra\u00eddo en fr\u00edo de pepita de uva y olivo, que son antioxidantes y regenerantes.<\/p>\n","protected":false},"featured_media":5229,"comment_status":"open","ping_status":"closed","template":"","meta":[],"product_brand":[],"product_cat":[347,230,396],"product_tag":[365],"class_list":{"0":"post-72","1":"product","2":"type-product","3":"status-publish","4":"has-post-thumbnail","6":"product_cat-aceite-para-masaje","7":"product_cat-spa-en-casa","8":"product_cat-vegano","9":"product_tag-vegano","10":"product_shipping_class-mensajeria","12":"first","13":"instock","14":"shipping-taxable","15":"purchasable","16":"product-type-simple"},"_links":{"self":[{"href":"https:\/\/makua.com.mx\/eshop\/wp-json\/wp\/v2\/product\/72","targetHints":{"allow":["GET"]}}],"collection":[{"href":"https:\/\/makua.com.mx\/eshop\/wp-json\/wp\/v2\/product"}],"about":[{"href":"https:\/\/makua.com.mx\/eshop\/wp-json\/wp\/v2\/types\/product"}],"replies":[{"embeddable":true,"href":"https:\/\/makua.com.mx\/eshop\/wp-json\/wp\/v2\/comments?post=72"}],"wp:featuredmedia":[{"embeddable":true,"href":"https:\/\/makua.com.mx\/eshop\/wp-json\/wp\/v2\/media\/5229"}],"wp:attachment":[{"href":"https:\/\/makua.com.mx\/eshop\/wp-json\/wp\/v2\/media?parent=72"}],"wp:term":[{"taxonomy":"product_brand","embeddable":true,"href":"https:\/\/makua.com.mx\/eshop\/wp-json\/wp\/v2\/product_brand?post=72"},{"taxonomy":"product_cat","embeddable":true,"href":"https:\/\/makua.com.mx\/eshop\/wp-json\/wp\/v2\/product_cat?post=72"},{"taxonomy":"product_tag","embeddable":true,"href":"https:\/\/makua.com.mx\/eshop\/wp-json\/wp\/v2\/product_tag?post=72"}],"curies":[{"name":"wp","href":"https:\/\/api.w.org\/{rel}","templated":true}]}}