{"id":5690,"date":"2024-02-14T00:06:13","date_gmt":"2024-02-14T00:06:13","guid":{"rendered":"https:\/\/makua.com.mx\/eshop\/?post_type=product&#038;p=5690"},"modified":"2025-02-21T06:05:09","modified_gmt":"2025-02-21T06:05:09","slug":"myst-te-verde","status":"publish","type":"product","link":"https:\/\/makua.com.mx\/eshop\/producto\/myst-te-verde\/","title":{"rendered":"Myst T\u00e9 Verde 80g"},"content":{"rendered":"<p><strong>Funciones<\/strong>: Es estimulante, antidepresivo, promueve el enfoque mental y el optimismo.<br \/>\n<strong>Modo de empleo<\/strong>: Aplicar en el cuerpo evitando la cara, se puede repetir varias veces al d\u00eda.<br \/>\n<strong>Extractos<\/strong>: Aceite esencial de bergamota, extracto de t\u00e9 verde.<br \/>\n<strong>Recomendaciones<\/strong>: Para todo tipo de piel.<br \/>\n<strong>Aroma<\/strong>: Fresco.<br \/>\n<strong>Consistencia<\/strong>: L\u00edquido.<br \/>\n<strong>INGREDIENTES<\/strong>: Agua, Alcohol Et\u00edlico, Glicerina Vegetal, Aceite Esencial de Bergamota, Extracto y Esencia de T\u00e9 verde y \u00e1cido c\u00edtrico como conservador natural.<\/p>\n","protected":false},"excerpt":{"rendered":"<p>Una sinergia fresca y estimulante con T\u00e9 verde que es antioxidante y fomenta la concentraci\u00f3n y enfoque mental. Tambi\u00e9n contiene aceite esencial de bergamota que alegra los sentidos, equilibra las emociones y promueve el optimismo.<\/p>\n<p><strong>Se puede aplicar varias veces al d\u00eda en todo el cuerpo y\/o en espacios para ambientar y perfumar.<\/strong><\/p>\n","protected":false},"featured_media":6627,"comment_status":"closed","ping_status":"closed","template":"","meta":[],"product_brand":[],"product_cat":[222,363,230,396],"product_tag":[],"class_list":{"0":"post-5690","1":"product","2":"type-product","3":"status-publish","4":"has-post-thumbnail","6":"product_cat-cuerpo","7":"product_cat-rocio-medicinal","8":"product_cat-spa-en-casa","9":"product_cat-vegano","10":"product_shipping_class-mensajeria","12":"first","13":"instock","14":"featured","15":"shipping-taxable","16":"purchasable","17":"product-type-simple"},"_links":{"self":[{"href":"https:\/\/makua.com.mx\/eshop\/wp-json\/wp\/v2\/product\/5690","targetHints":{"allow":["GET"]}}],"collection":[{"href":"https:\/\/makua.com.mx\/eshop\/wp-json\/wp\/v2\/product"}],"about":[{"href":"https:\/\/makua.com.mx\/eshop\/wp-json\/wp\/v2\/types\/product"}],"replies":[{"embeddable":true,"href":"https:\/\/makua.com.mx\/eshop\/wp-json\/wp\/v2\/comments?post=5690"}],"wp:featuredmedia":[{"embeddable":true,"href":"https:\/\/makua.com.mx\/eshop\/wp-json\/wp\/v2\/media\/6627"}],"wp:attachment":[{"href":"https:\/\/makua.com.mx\/eshop\/wp-json\/wp\/v2\/media?parent=5690"}],"wp:term":[{"taxonomy":"product_brand","embeddable":true,"href":"https:\/\/makua.com.mx\/eshop\/wp-json\/wp\/v2\/product_brand?post=5690"},{"taxonomy":"product_cat","embeddable":true,"href":"https:\/\/makua.com.mx\/eshop\/wp-json\/wp\/v2\/product_cat?post=5690"},{"taxonomy":"product_tag","embeddable":true,"href":"https:\/\/makua.com.mx\/eshop\/wp-json\/wp\/v2\/product_tag?post=5690"}],"curies":[{"name":"wp","href":"https:\/\/api.w.org\/{rel}","templated":true}]}}