{"id":5188,"date":"2022-07-12T20:56:34","date_gmt":"2022-07-12T20:56:34","guid":{"rendered":"https:\/\/makua.com.mx\/eshop\/?post_type=product&#038;p=5188"},"modified":"2025-01-14T00:27:56","modified_gmt":"2025-01-14T00:27:56","slug":"shampoo-y-acondicionador-solido-anticaspa","status":"publish","type":"product","link":"https:\/\/makua.com.mx\/eshop\/producto\/shampoo-y-acondicionador-solido-anticaspa\/","title":{"rendered":"Shampoo y Acondicionador S\u00f3lido Anticaspa 70g"},"content":{"rendered":"<p><strong>Funciones<\/strong>: Previene la caspa y la elimina, ayuda a balancear y optimizar el microbioma del cuero cabelludo. Elimina el exceso de sebo, limpia y purifica el cabello.<br \/>\n<strong>Modo de empleo<\/strong>: Aplicar sobre el cuero cabelludo  h\u00famedo con movimientos circulares, 4 giros y con las manos distribuir la espuma a todo el cabello, es f\u00f3rmula concentrada debe durar 80 lavadas, dejar actuar 5min. Enjuagar.<br \/>\n<strong>Extractos<\/strong>: Canela y Sauce\u2028.<br \/>\n<strong>Recomendaciones<\/strong>: Cabello con problemas de caspa.<br \/>\n<strong>Aroma<\/strong>: Especiado.<br \/>\n<strong>Consistencia<\/strong>: S\u00f3lida\u2028.<br \/>\n<strong>Ingredientes<\/strong>: Sodio Cocoyl Isethionate, betaina de coco, glicerina vegetal, aceite de macadamia, aceite de salvado de arroz, manteca de cacao, manteca de karit\u00e9, miel, aceite de coco, aceite esencial de canela, sauce blanco, \u00e1cido c\u00edtrico como conservador.<\/p>\n","protected":false},"excerpt":{"rendered":"<p><strong>Shampoo y Acondicionador S\u00f3lido Anticaspa Canela y Miel 70g<\/strong><\/p>\n<p>Los extractos activos de la Canela y Sauce, son <strong>poderosos antibacteriales y fungicidas<\/strong>, que ayudan a balancear y optimizar el microbioma del cuero cabelludo. Minimizan los da\u00f1os ocasionados por el hongo Malassezia causante de la caspa. Tambi\u00e9n <strong>regula el exceso de sebo<\/strong> limpiando y purificando la zona para que se reestablezca el equilibrio natural del cabello y su salud.<\/p>\n","protected":false},"featured_media":5189,"comment_status":"closed","ping_status":"closed","template":"","meta":[],"product_brand":[],"product_cat":[227,229,327],"product_tag":[],"class_list":{"0":"post-5188","1":"product","2":"type-product","3":"status-publish","4":"has-post-thumbnail","6":"product_cat-cabello","7":"product_cat-regadera","8":"product_cat-shampoo-solido","10":"first","11":"instock","12":"shipping-taxable","13":"purchasable","14":"product-type-variable"},"_links":{"self":[{"href":"https:\/\/makua.com.mx\/eshop\/wp-json\/wp\/v2\/product\/5188","targetHints":{"allow":["GET"]}}],"collection":[{"href":"https:\/\/makua.com.mx\/eshop\/wp-json\/wp\/v2\/product"}],"about":[{"href":"https:\/\/makua.com.mx\/eshop\/wp-json\/wp\/v2\/types\/product"}],"replies":[{"embeddable":true,"href":"https:\/\/makua.com.mx\/eshop\/wp-json\/wp\/v2\/comments?post=5188"}],"wp:featuredmedia":[{"embeddable":true,"href":"https:\/\/makua.com.mx\/eshop\/wp-json\/wp\/v2\/media\/5189"}],"wp:attachment":[{"href":"https:\/\/makua.com.mx\/eshop\/wp-json\/wp\/v2\/media?parent=5188"}],"wp:term":[{"taxonomy":"product_brand","embeddable":true,"href":"https:\/\/makua.com.mx\/eshop\/wp-json\/wp\/v2\/product_brand?post=5188"},{"taxonomy":"product_cat","embeddable":true,"href":"https:\/\/makua.com.mx\/eshop\/wp-json\/wp\/v2\/product_cat?post=5188"},{"taxonomy":"product_tag","embeddable":true,"href":"https:\/\/makua.com.mx\/eshop\/wp-json\/wp\/v2\/product_tag?post=5188"}],"curies":[{"name":"wp","href":"https:\/\/api.w.org\/{rel}","templated":true}]}}