{"id":5046,"date":"2021-12-16T01:43:54","date_gmt":"2021-12-16T01:43:54","guid":{"rendered":"https:\/\/makua.com.mx\/eshop\/?post_type=product&#038;p=5046"},"modified":"2024-02-01T23:58:46","modified_gmt":"2024-02-01T23:58:46","slug":"vela-para-masajes","status":"publish","type":"product","link":"https:\/\/makua.com.mx\/eshop\/producto\/vela-para-masajes\/","title":{"rendered":"Vela para masajes de soya"},"content":{"rendered":"<p><strong>Funciones<\/strong>: Relajante y  reconfortante.\u2028<br \/>\n<strong>Modo de empleo<\/strong>: Se enciende la Vela y la soya y se aplica el aceite que se derrite con el calor en la se puede utilizar para relajar, hidratar y dar un masaje corporal.\u2028<br \/>\n<strong>Extractos<\/strong>: Cera de Soya, Manteca de Karit\u00e9, Canela, Vainilla, Rosas, Sales de Mar, Fitoterapia.<br \/>\n<strong>Recomendaciones<\/strong>: Para todos.<br \/>\n<strong>Aroma<\/strong>: Dulce especiado.<br \/>\n<strong>Consistencia<\/strong>: Oleosa.<br \/>\n<strong>INGREDIENTES<\/strong>:\u00a0Cera natural de soya, Manteca de Karit\u00e9, Aceite Esencial de Canela, Extracto de Vainilla y Cacao, Sales de Mar, Fitoterapia y Aromaterapia.<\/p>\n","protected":false},"excerpt":{"rendered":"<p>Vela para masaje, hecha a de base soya org\u00e1nica, manteca de karit\u00e9, Sales de mar, Aromaterapia y Fitoterapia. Relaja la piel y los sentidos, hidrata y nutre profundamente, se absorbe f\u00e1cilmente sin dejar sensaci\u00f3n grasosa. Las Sales del mar aportan minerales importantes que limpian y purifican los poros, la mezcla de fitoterapia y aromaterapia armoniza el espacio dejando una sensaci\u00f3n de calor de hogar, dulzura y sensualidad.<br \/>\n150 g<\/p>\n","protected":false},"featured_media":5221,"comment_status":"closed","ping_status":"closed","template":"","meta":[],"product_brand":[],"product_cat":[305],"product_tag":[],"class_list":{"0":"post-5046","1":"product","2":"type-product","3":"status-publish","4":"has-post-thumbnail","6":"product_cat-aromaterapia","7":"product_shipping_class-mensajeria","9":"first","10":"instock","11":"shipping-taxable","12":"purchasable","13":"product-type-simple"},"_links":{"self":[{"href":"https:\/\/makua.com.mx\/eshop\/wp-json\/wp\/v2\/product\/5046","targetHints":{"allow":["GET"]}}],"collection":[{"href":"https:\/\/makua.com.mx\/eshop\/wp-json\/wp\/v2\/product"}],"about":[{"href":"https:\/\/makua.com.mx\/eshop\/wp-json\/wp\/v2\/types\/product"}],"replies":[{"embeddable":true,"href":"https:\/\/makua.com.mx\/eshop\/wp-json\/wp\/v2\/comments?post=5046"}],"wp:featuredmedia":[{"embeddable":true,"href":"https:\/\/makua.com.mx\/eshop\/wp-json\/wp\/v2\/media\/5221"}],"wp:attachment":[{"href":"https:\/\/makua.com.mx\/eshop\/wp-json\/wp\/v2\/media?parent=5046"}],"wp:term":[{"taxonomy":"product_brand","embeddable":true,"href":"https:\/\/makua.com.mx\/eshop\/wp-json\/wp\/v2\/product_brand?post=5046"},{"taxonomy":"product_cat","embeddable":true,"href":"https:\/\/makua.com.mx\/eshop\/wp-json\/wp\/v2\/product_cat?post=5046"},{"taxonomy":"product_tag","embeddable":true,"href":"https:\/\/makua.com.mx\/eshop\/wp-json\/wp\/v2\/product_tag?post=5046"}],"curies":[{"name":"wp","href":"https:\/\/api.w.org\/{rel}","templated":true}]}}