{"id":4707,"date":"2021-01-14T22:24:21","date_gmt":"2021-01-14T22:24:21","guid":{"rendered":"https:\/\/makua.com.mx\/eshop\/?post_type=product&#038;p=4707"},"modified":"2025-01-13T22:31:13","modified_gmt":"2025-01-13T22:31:13","slug":"desodorante-piel-sensible","status":"publish","type":"product","link":"https:\/\/makua.com.mx\/eshop\/producto\/desodorante-piel-sensible\/","title":{"rendered":"Desodorante piel sensible 50g"},"content":{"rendered":"<p><strong>Funciones<\/strong>: Elimina las bacterias del mal olor sin irritar la piel.<br \/>\n<strong>Modo de empleo<\/strong>: Aplicar peque\u00f1a cantidad en las axilas limpias.<br \/>\n<strong>Ingrediente Activo<\/strong>: Aceite esencial de lavanda, almendras, \u00e1rbol de te y bergamota.<br \/>\n<strong>Recomendaciones<\/strong>: Piel delicada.<br \/>\n<strong>Aroma<\/strong>: Floral c\u00edtrico.<br \/>\n<strong>Ingredientes<\/strong>: Aceite de coco, aceite de almendras dulces, cera de candelilla, \u00f3xido de zinc,manteca de cacao y karite, aceite esencial de lavanda, \u00e1rbol de t\u00e9, bergamota y conservador natural.<\/p>\n","protected":false},"excerpt":{"rendered":"<p>Desodorante no antitranspirante que, protege la piel de irritaciones, y elimina las bacterias que ocasionan el mal olor de una manera natural. Le agregamos aceites esenciales puros que limpian y purifican. No contiene aluminios, es muy seguro con una textura suave y cremosa.<\/p>\n","protected":false},"featured_media":4511,"comment_status":"closed","ping_status":"closed","template":"","meta":[],"product_brand":[],"product_cat":[330],"product_tag":[],"class_list":{"0":"post-4707","1":"product","2":"type-product","3":"status-publish","4":"has-post-thumbnail","6":"product_cat-cuidado-personal","7":"product_shipping_class-mensajeria","9":"first","10":"instock","11":"shipping-taxable","12":"purchasable","13":"product-type-simple"},"_links":{"self":[{"href":"https:\/\/makua.com.mx\/eshop\/wp-json\/wp\/v2\/product\/4707","targetHints":{"allow":["GET"]}}],"collection":[{"href":"https:\/\/makua.com.mx\/eshop\/wp-json\/wp\/v2\/product"}],"about":[{"href":"https:\/\/makua.com.mx\/eshop\/wp-json\/wp\/v2\/types\/product"}],"replies":[{"embeddable":true,"href":"https:\/\/makua.com.mx\/eshop\/wp-json\/wp\/v2\/comments?post=4707"}],"wp:featuredmedia":[{"embeddable":true,"href":"https:\/\/makua.com.mx\/eshop\/wp-json\/wp\/v2\/media\/4511"}],"wp:attachment":[{"href":"https:\/\/makua.com.mx\/eshop\/wp-json\/wp\/v2\/media?parent=4707"}],"wp:term":[{"taxonomy":"product_brand","embeddable":true,"href":"https:\/\/makua.com.mx\/eshop\/wp-json\/wp\/v2\/product_brand?post=4707"},{"taxonomy":"product_cat","embeddable":true,"href":"https:\/\/makua.com.mx\/eshop\/wp-json\/wp\/v2\/product_cat?post=4707"},{"taxonomy":"product_tag","embeddable":true,"href":"https:\/\/makua.com.mx\/eshop\/wp-json\/wp\/v2\/product_tag?post=4707"}],"curies":[{"name":"wp","href":"https:\/\/api.w.org\/{rel}","templated":true}]}}