{"id":4201,"date":"2020-08-17T22:40:11","date_gmt":"2020-08-17T22:40:11","guid":{"rendered":"https:\/\/makua.com.mx\/eshop\/?post_type=product&#038;p=4201"},"modified":"2025-02-13T01:47:49","modified_gmt":"2025-02-13T01:47:49","slug":"pasta-dental-blanqueadora","status":"publish","type":"product","link":"https:\/\/makua.com.mx\/eshop\/producto\/pasta-dental-blanqueadora\/","title":{"rendered":"Pasta Dental Blanqueadora"},"content":{"rendered":"<p><strong>Funciones:<\/strong> Eliminar bacterias que ocasionan las caries e infecciones bucales y garganta, blanquea dientes y protege las enc\u00edas.<\/p>\n<p><strong>Modo de empleo:<\/strong> Aplicar en dientes y enc\u00edas con el del dedo \u00edndice limpio y cepillar.<\/p>\n<p><strong>Recomendaciones:<\/strong> Para adultos y adolescentes.<\/p>\n<p><strong>Extractos:<\/strong>\u00a0Hinojo, Chilcuague y carb\u00f3n activado.<\/p>\n<p><strong>Aroma:<\/strong> Dulce y herbal.<\/p>\n<p><strong>Consistencia:<\/strong> Pasta.<\/p>\n<p><strong>INGREDIENTES:<\/strong> Carbonato de Calcio, Agua Destilada, Bicarbonato de Sodio, Aceite de Coco Org\u00e1nico, Arcilla Koalin, Carb\u00f3n activado, Extracto Org\u00e1nico de Chilcuague, Aceite Esencial de Hinojo y de \u00c1rbol de t\u00e9, Sodium-Coco Sulfate y Goma de Xantana.<\/p>\n","protected":false},"excerpt":{"rendered":"<p>El aceite esencial de <strong>hinojo<\/strong> ayuda a mantener las enc\u00edas limpias y saludables. Previene las caries y es digestivo.<br \/>\nEl <strong>Chilcuague<\/strong> tiene propiedades <strong>antivirales<\/strong> ideal para el tratamiento de aftas bucales, algunos tipos de herpes y bacterias de la garganta. Desinflama y desinfecta las anginas, fortalece las enc\u00edas y disminuye el sarro dental.<br \/>\nEl carb\u00f3n activado blanquea, <strong>elimina toxinas de la boca<\/strong> y lengua limpia y purifica.<br \/>\nNo contiene fl\u00faor.<\/p>\n","protected":false},"featured_media":4527,"comment_status":"open","ping_status":"closed","template":"","meta":[],"product_brand":[],"product_cat":[330],"product_tag":[],"class_list":{"0":"post-4201","1":"product","2":"type-product","3":"status-publish","4":"has-post-thumbnail","6":"product_cat-cuidado-personal","7":"product_shipping_class-mensajeria","9":"first","10":"instock","11":"shipping-taxable","12":"purchasable","13":"product-type-simple"},"_links":{"self":[{"href":"https:\/\/makua.com.mx\/eshop\/wp-json\/wp\/v2\/product\/4201","targetHints":{"allow":["GET"]}}],"collection":[{"href":"https:\/\/makua.com.mx\/eshop\/wp-json\/wp\/v2\/product"}],"about":[{"href":"https:\/\/makua.com.mx\/eshop\/wp-json\/wp\/v2\/types\/product"}],"replies":[{"embeddable":true,"href":"https:\/\/makua.com.mx\/eshop\/wp-json\/wp\/v2\/comments?post=4201"}],"wp:featuredmedia":[{"embeddable":true,"href":"https:\/\/makua.com.mx\/eshop\/wp-json\/wp\/v2\/media\/4527"}],"wp:attachment":[{"href":"https:\/\/makua.com.mx\/eshop\/wp-json\/wp\/v2\/media?parent=4201"}],"wp:term":[{"taxonomy":"product_brand","embeddable":true,"href":"https:\/\/makua.com.mx\/eshop\/wp-json\/wp\/v2\/product_brand?post=4201"},{"taxonomy":"product_cat","embeddable":true,"href":"https:\/\/makua.com.mx\/eshop\/wp-json\/wp\/v2\/product_cat?post=4201"},{"taxonomy":"product_tag","embeddable":true,"href":"https:\/\/makua.com.mx\/eshop\/wp-json\/wp\/v2\/product_tag?post=4201"}],"curies":[{"name":"wp","href":"https:\/\/api.w.org\/{rel}","templated":true}]}}