{"id":4057,"date":"2020-07-02T18:27:59","date_gmt":"2020-07-02T18:27:59","guid":{"rendered":"https:\/\/makua.com.mx\/eshop\/?post_type=product&#038;p=4057"},"modified":"2025-01-13T22:39:20","modified_gmt":"2025-01-13T22:39:20","slug":"jabon-crema-yogurt","status":"publish","type":"product","link":"https:\/\/makua.com.mx\/eshop\/producto\/jabon-crema-yogurt\/","title":{"rendered":"Jab\u00f3n Crema Yogurt 90g"},"content":{"rendered":"<p><strong>Funciones<\/strong>: Hidrata y Nutre.<br \/>\n<strong>Modo de empleo<\/strong>: Aplicar directo sobre la piel con suaves masajes circulares hasta su completa absorci\u00f3n, enjuagar.<br \/>\n<strong>Extractos<\/strong>:Yogurt Natural org\u00e1nico.<br \/>\n<strong>Recomendaciones<\/strong>: Todo tipo de piel.<br \/>\n<strong>Aroma<\/strong>: Floral.<br \/>\n<strong>Consistencia<\/strong>: S\u00f3lida.<br \/>\n<strong>INGREDIENTES<\/strong>: Aceites vegetales saponificados, gilcerina vegetal, aceite esencial de bergamota, yogurt natural org\u00e1nico y una mezcla de extractos c\u00edtricos como conservador natural org\u00e1nico.<\/p>\n","protected":false},"excerpt":{"rendered":"<p>Hidrata y nutre la piel. El yogurt natural es rico en \u00e1cido l\u00e1ctico un potente anti-envejecimiento.Ayuda a regular el pH cutaneo, favorece la regeneraci\u00f3n celular, la cicatrizaci\u00f3n y al frotar directamente con el jab\u00f3n elimina las c\u00e9lulas muertas.<\/p>\n","protected":false},"featured_media":4587,"comment_status":"closed","ping_status":"closed","template":"","meta":[],"product_brand":[],"product_cat":[228,310,229],"product_tag":[365,366,351],"class_list":{"0":"post-4057","1":"product","2":"type-product","3":"status-publish","4":"has-post-thumbnail","6":"product_cat-cara","7":"product_cat-jabon-efecto-crema","8":"product_cat-regadera","9":"product_tag-vegano","10":"product_tag-vegetariano","11":"product_tag-yogurt","12":"product_shipping_class-mensajeria","14":"first","15":"instock","16":"shipping-taxable","17":"purchasable","18":"product-type-simple"},"_links":{"self":[{"href":"https:\/\/makua.com.mx\/eshop\/wp-json\/wp\/v2\/product\/4057","targetHints":{"allow":["GET"]}}],"collection":[{"href":"https:\/\/makua.com.mx\/eshop\/wp-json\/wp\/v2\/product"}],"about":[{"href":"https:\/\/makua.com.mx\/eshop\/wp-json\/wp\/v2\/types\/product"}],"replies":[{"embeddable":true,"href":"https:\/\/makua.com.mx\/eshop\/wp-json\/wp\/v2\/comments?post=4057"}],"wp:featuredmedia":[{"embeddable":true,"href":"https:\/\/makua.com.mx\/eshop\/wp-json\/wp\/v2\/media\/4587"}],"wp:attachment":[{"href":"https:\/\/makua.com.mx\/eshop\/wp-json\/wp\/v2\/media?parent=4057"}],"wp:term":[{"taxonomy":"product_brand","embeddable":true,"href":"https:\/\/makua.com.mx\/eshop\/wp-json\/wp\/v2\/product_brand?post=4057"},{"taxonomy":"product_cat","embeddable":true,"href":"https:\/\/makua.com.mx\/eshop\/wp-json\/wp\/v2\/product_cat?post=4057"},{"taxonomy":"product_tag","embeddable":true,"href":"https:\/\/makua.com.mx\/eshop\/wp-json\/wp\/v2\/product_tag?post=4057"}],"curies":[{"name":"wp","href":"https:\/\/api.w.org\/{rel}","templated":true}]}}