{"id":3146,"date":"2020-05-15T00:01:33","date_gmt":"2020-05-15T00:01:33","guid":{"rendered":"https:\/\/makua.com.mx\/eshop\/?post_type=product&#038;p=3146"},"modified":"2025-01-14T00:29:22","modified_gmt":"2025-01-14T00:29:22","slug":"shampoo-solido-algas","status":"publish","type":"product","link":"https:\/\/makua.com.mx\/eshop\/producto\/shampoo-solido-algas\/","title":{"rendered":"Shampoo S\u00f3lido Algas (antica\u00edda) 70g"},"content":{"rendered":"<p><strong>Funciones<\/strong>: Fortalece y nutre el cabello.<br \/>\n<strong>Modo de empleo<\/strong>: Aplicar con movimientos circulares sobre el cabello h\u00famedo, se requiere poca cantidad ya que esta muy concentrado.<br \/>\n<strong>Extractos<\/strong>:\u00a0Para cabello d\u00e9bil y quebradizo.<br \/>\n<strong>Recomendaciones<\/strong>: Algas Marinas, chile, menta y romero.<br \/>\n<strong>Aroma<\/strong>: C\u00edtrico.<br \/>\n<strong>Consistencia<\/strong>: S\u00f3lida<br \/>\n<strong>INGREDIENTES<\/strong>:\u00a0Sodio Cocoyl Isethionate, Betaina de Coco, Glicerina Vegetal, Aceite de Macadamia, Manteca de Cacao, Extracto de Algas Marinas y Chile, Aceite Esencial de Lim\u00f3n Amarillo, Menta y Romero y Conservador Org\u00e1nico.<\/p>\n","protected":false},"excerpt":{"rendered":"<p>Fortalece el cabello, nutre a profundidad, ya que el alga focus, aporta sodio, potasio, yodo, calcio, f\u00f3sforo y vitamina C, tambi\u00e9n aporta propiedades anti envejecimiento y luminosidad. Los extractos de menta y chile previenen la ca\u00edda del cabello y estimulan su crecimiento.<\/p>\n","protected":false},"featured_media":4594,"comment_status":"closed","ping_status":"closed","template":"","meta":[],"product_brand":[],"product_cat":[227,327],"product_tag":[],"class_list":{"0":"post-3146","1":"product","2":"type-product","3":"status-publish","4":"has-post-thumbnail","6":"product_cat-cabello","7":"product_cat-shampoo-solido","8":"product_shipping_class-mensajeria","10":"first","11":"instock","12":"shipping-taxable","13":"purchasable","14":"product-type-variable"},"_links":{"self":[{"href":"https:\/\/makua.com.mx\/eshop\/wp-json\/wp\/v2\/product\/3146","targetHints":{"allow":["GET"]}}],"collection":[{"href":"https:\/\/makua.com.mx\/eshop\/wp-json\/wp\/v2\/product"}],"about":[{"href":"https:\/\/makua.com.mx\/eshop\/wp-json\/wp\/v2\/types\/product"}],"replies":[{"embeddable":true,"href":"https:\/\/makua.com.mx\/eshop\/wp-json\/wp\/v2\/comments?post=3146"}],"wp:featuredmedia":[{"embeddable":true,"href":"https:\/\/makua.com.mx\/eshop\/wp-json\/wp\/v2\/media\/4594"}],"wp:attachment":[{"href":"https:\/\/makua.com.mx\/eshop\/wp-json\/wp\/v2\/media?parent=3146"}],"wp:term":[{"taxonomy":"product_brand","embeddable":true,"href":"https:\/\/makua.com.mx\/eshop\/wp-json\/wp\/v2\/product_brand?post=3146"},{"taxonomy":"product_cat","embeddable":true,"href":"https:\/\/makua.com.mx\/eshop\/wp-json\/wp\/v2\/product_cat?post=3146"},{"taxonomy":"product_tag","embeddable":true,"href":"https:\/\/makua.com.mx\/eshop\/wp-json\/wp\/v2\/product_tag?post=3146"}],"curies":[{"name":"wp","href":"https:\/\/api.w.org\/{rel}","templated":true}]}}