{"id":2515,"date":"2019-09-03T22:06:58","date_gmt":"2019-09-03T22:06:58","guid":{"rendered":"https:\/\/makua.com.mx\/eshop\/?post_type=product&#038;p=2515"},"modified":"2021-10-06T20:16:59","modified_gmt":"2021-10-06T20:16:59","slug":"cera-para-moldear-el-cabello","status":"publish","type":"product","link":"https:\/\/makua.com.mx\/eshop\/producto\/cera-para-moldear-el-cabello\/","title":{"rendered":"Cera Para Moldear el Cabello y Nutrirlo de Aguacate, Arg\u00e1n y Aloe Vera  50g"},"content":{"rendered":"<p><strong>Funciones:<\/strong> Moldea el cabello y barba, los fortalece.<br \/>\n<strong>Modo de empleo<\/strong>: Aplicar sobre las puntas del cabello limpio y\/o barba, con las yemas de los dedos, moldear, usar poca cantidad.\u00a0 Como mascarilla regeneradora capilar aplicar en las puntas dejar actuar y enjuagar.<br \/>\n<strong>Recomendaciones<\/strong>: para todo tipo de cabello y barba.<br \/>\n<strong>Extractos:<\/strong> Romero, Arg\u00e1n y Aguacate.<br \/>\n<strong>Aroma:<\/strong> Herbal, c\u00edtrico.<br \/>\n<strong>Consistencia:<\/strong> Semi s\u00f3lida.<br \/>\n<strong>INGREDIENTES<\/strong>:Aceite de palma grado ecol\u00f3gico, cera de candelilla, aceite de aguacate, extracto de Aloe Vera, cera de Arg\u00e1n, aceite esencial de lim\u00f3n, manzanilla y romero, cera de carnauba y conservador org\u00e1nico.<\/p>\n","protected":false},"excerpt":{"rendered":"<p>Moldea el cabello e hidrata puntas secas. Contiene manteca de Arg\u00e1n, Aguacate y Aloe vera, que evitan la orzuela, fortaleciendo desde la ra\u00edz los fol\u00edculos capilares. Sentir\u00e1s tu cabello sano y con movimiento.<\/p>\n<p>Tambi\u00e9n moldea la barba, la limpia y purifica.<\/p>\n","protected":false},"featured_media":4551,"comment_status":"open","ping_status":"closed","template":"","meta":[],"product_brand":[],"product_cat":[227],"product_tag":[365],"class_list":{"0":"post-2515","1":"product","2":"type-product","3":"status-publish","4":"has-post-thumbnail","6":"product_cat-cabello","7":"product_tag-vegano","9":"first","10":"instock","11":"shipping-taxable","12":"purchasable","13":"product-type-simple"},"_links":{"self":[{"href":"https:\/\/makua.com.mx\/eshop\/wp-json\/wp\/v2\/product\/2515","targetHints":{"allow":["GET"]}}],"collection":[{"href":"https:\/\/makua.com.mx\/eshop\/wp-json\/wp\/v2\/product"}],"about":[{"href":"https:\/\/makua.com.mx\/eshop\/wp-json\/wp\/v2\/types\/product"}],"replies":[{"embeddable":true,"href":"https:\/\/makua.com.mx\/eshop\/wp-json\/wp\/v2\/comments?post=2515"}],"wp:featuredmedia":[{"embeddable":true,"href":"https:\/\/makua.com.mx\/eshop\/wp-json\/wp\/v2\/media\/4551"}],"wp:attachment":[{"href":"https:\/\/makua.com.mx\/eshop\/wp-json\/wp\/v2\/media?parent=2515"}],"wp:term":[{"taxonomy":"product_brand","embeddable":true,"href":"https:\/\/makua.com.mx\/eshop\/wp-json\/wp\/v2\/product_brand?post=2515"},{"taxonomy":"product_cat","embeddable":true,"href":"https:\/\/makua.com.mx\/eshop\/wp-json\/wp\/v2\/product_cat?post=2515"},{"taxonomy":"product_tag","embeddable":true,"href":"https:\/\/makua.com.mx\/eshop\/wp-json\/wp\/v2\/product_tag?post=2515"}],"curies":[{"name":"wp","href":"https:\/\/api.w.org\/{rel}","templated":true}]}}