{"id":2370,"date":"2015-12-06T23:11:51","date_gmt":"2015-12-06T23:11:51","guid":{"rendered":"https:\/\/makua.com.mx\/eshop\/?post_type=product&#038;p=2370"},"modified":"2021-10-09T02:50:39","modified_gmt":"2021-10-09T02:50:39","slug":"jabon-corazon-romero","status":"publish","type":"product","link":"https:\/\/makua.com.mx\/eshop\/producto\/jabon-corazon-romero\/","title":{"rendered":"Jab\u00f3n Tea Tree Carb\u00f3n y Cacao 100g"},"content":{"rendered":"<p><b>Funciones: <\/b>Ayuda a cicatrizar, purificar y es antis\u00e9ptico.<br \/>\n<b>Modo de empleo: <\/b>Directo en la piel con suaves masajes hasta hacer espuma, dejar actuar unos minutos y enjuagar.<br \/>\n<b>Extractos: <\/b>Tea Tree, Carb\u00f3n y Cacao.<br \/>\n<b>Recomendaciones: <\/b>Pieles mixtas a grasas.<br \/>\n<b>Aroma: <\/b>Dulce y penetrante.<br \/>\n<b>Consistencia: <\/b>S\u00f3lida.<br \/>\n<b>INGREDIENTES:<\/b> Aceites vegetales, agua destilada, hidr\u00f3xido de sodio, karit\u00e9, vitamina E, mezcla de aceites esenciales, aceite esencial de tea tree, carb\u00f3n vegetal activado, Cacao org\u00e1nico en polvo, extracto de toronja como conservador natural.<\/p>\n","protected":false},"excerpt":{"rendered":"<p>El cacao aporta propiedades antioxidantes y regeneran tes, el carb\u00f3n promueve la limpieza profunda y desintoxica. El aceite esencial de tea tree desinfecta previene y trata el acn\u00e9 es un excelente cicatrizante. Tambi\u00e9n desinflama es antis\u00e9ptico\u00a0 y combate infecciones.<\/p>\n","protected":false},"featured_media":4571,"comment_status":"open","ping_status":"closed","template":"","meta":[],"product_brand":[],"product_cat":[274,229,231],"product_tag":[],"class_list":{"0":"post-2370","1":"product","2":"type-product","3":"status-publish","4":"has-post-thumbnail","6":"product_cat-jabon-artesanal","7":"product_cat-regadera","8":"product_cat-tina","9":"product_shipping_class-mensajeria","11":"first","12":"instock","13":"shipping-taxable","14":"purchasable","15":"product-type-simple"},"_links":{"self":[{"href":"https:\/\/makua.com.mx\/eshop\/wp-json\/wp\/v2\/product\/2370","targetHints":{"allow":["GET"]}}],"collection":[{"href":"https:\/\/makua.com.mx\/eshop\/wp-json\/wp\/v2\/product"}],"about":[{"href":"https:\/\/makua.com.mx\/eshop\/wp-json\/wp\/v2\/types\/product"}],"replies":[{"embeddable":true,"href":"https:\/\/makua.com.mx\/eshop\/wp-json\/wp\/v2\/comments?post=2370"}],"wp:featuredmedia":[{"embeddable":true,"href":"https:\/\/makua.com.mx\/eshop\/wp-json\/wp\/v2\/media\/4571"}],"wp:attachment":[{"href":"https:\/\/makua.com.mx\/eshop\/wp-json\/wp\/v2\/media?parent=2370"}],"wp:term":[{"taxonomy":"product_brand","embeddable":true,"href":"https:\/\/makua.com.mx\/eshop\/wp-json\/wp\/v2\/product_brand?post=2370"},{"taxonomy":"product_cat","embeddable":true,"href":"https:\/\/makua.com.mx\/eshop\/wp-json\/wp\/v2\/product_cat?post=2370"},{"taxonomy":"product_tag","embeddable":true,"href":"https:\/\/makua.com.mx\/eshop\/wp-json\/wp\/v2\/product_tag?post=2370"}],"curies":[{"name":"wp","href":"https:\/\/api.w.org\/{rel}","templated":true}]}}