{"id":1978,"date":"2016-09-02T21:25:06","date_gmt":"2016-09-02T21:25:06","guid":{"rendered":"https:\/\/makua.com.mx\/eshop\/?post_type=product&#038;p=1978"},"modified":"2025-01-13T20:03:41","modified_gmt":"2025-01-13T20:03:41","slug":"tratamiento-antiacne","status":"publish","type":"product","link":"https:\/\/makua.com.mx\/eshop\/producto\/tratamiento-antiacne\/","title":{"rendered":"Tratamiento Antiacn\u00e9"},"content":{"rendered":"<p><strong>Funciones<\/strong>: Prevenir y eliminar los problemas de acn\u00e9, al mismo tiempo hidrata y combate los radicales libres.<br \/>\n<strong>Modo de empleo<\/strong>: Con un algod\u00f3n limpia la cara con movimientos circulares, no se enjuaga se puede usar de d\u00eda y de noche.<br \/>\n<strong>Extractos<\/strong>: Hammamelis, extracto de t\u00e9 verde, neem, romero, prop\u00f3leo, s\u00e1bila.<br \/>\n<strong>Aroma<\/strong>: Herbal<br \/>\n<strong>Consistencia<\/strong>: Oleosa<br \/>\n<strong>INGREDIENTES<\/strong>: Aceite de macadamia org\u00e1nico y extra\u00eddo en fr\u00edo, t\u00e9 verde, aloe vera, hammamelis, hongo reishi, prop\u00f3leo, neem, manzanilla, romero, s\u00e1bila, aceite esencial de \u00e1rbol de t\u00e9, y c\u00edtricos como conservador natural.<\/p>\n","protected":false},"excerpt":{"rendered":"<p>Tratamiento anti acn\u00e9 que limpia y desintoxica. Previene granitos, puntos negros en la piel grasa y desinflama erupciones cut\u00e1neas. Desinfecta,\u00a0 hidrata y es antioxidante.<\/p>\n","protected":false},"featured_media":1979,"comment_status":"open","ping_status":"closed","template":"","meta":[],"product_brand":[],"product_cat":[228],"product_tag":[],"class_list":{"0":"post-1978","1":"product","2":"type-product","3":"status-publish","4":"has-post-thumbnail","6":"product_cat-cara","7":"product_shipping_class-mensajeria","9":"first","10":"instock","11":"shipping-taxable","12":"purchasable","13":"product-type-simple"},"_links":{"self":[{"href":"https:\/\/makua.com.mx\/eshop\/wp-json\/wp\/v2\/product\/1978","targetHints":{"allow":["GET"]}}],"collection":[{"href":"https:\/\/makua.com.mx\/eshop\/wp-json\/wp\/v2\/product"}],"about":[{"href":"https:\/\/makua.com.mx\/eshop\/wp-json\/wp\/v2\/types\/product"}],"replies":[{"embeddable":true,"href":"https:\/\/makua.com.mx\/eshop\/wp-json\/wp\/v2\/comments?post=1978"}],"wp:featuredmedia":[{"embeddable":true,"href":"https:\/\/makua.com.mx\/eshop\/wp-json\/wp\/v2\/media\/1979"}],"wp:attachment":[{"href":"https:\/\/makua.com.mx\/eshop\/wp-json\/wp\/v2\/media?parent=1978"}],"wp:term":[{"taxonomy":"product_brand","embeddable":true,"href":"https:\/\/makua.com.mx\/eshop\/wp-json\/wp\/v2\/product_brand?post=1978"},{"taxonomy":"product_cat","embeddable":true,"href":"https:\/\/makua.com.mx\/eshop\/wp-json\/wp\/v2\/product_cat?post=1978"},{"taxonomy":"product_tag","embeddable":true,"href":"https:\/\/makua.com.mx\/eshop\/wp-json\/wp\/v2\/product_tag?post=1978"}],"curies":[{"name":"wp","href":"https:\/\/api.w.org\/{rel}","templated":true}]}}