{"id":1927,"date":"2016-08-23T00:44:14","date_gmt":"2016-08-23T00:44:14","guid":{"rendered":"https:\/\/makua.com.mx\/eshop\/?post_type=product&#038;p=1927"},"modified":"2025-01-13T23:30:25","modified_gmt":"2025-01-13T23:30:25","slug":"mascarilla-con-sal-de-mar","status":"publish","type":"product","link":"https:\/\/makua.com.mx\/eshop\/producto\/mascarilla-con-sal-de-mar\/","title":{"rendered":"Mascarilla de Sales de Mar 50g"},"content":{"rendered":"<p><strong>Funciones<\/strong>: Elimina barros, espinillas y exfolia suavemente<br \/>\n<strong>Modo de empleo<\/strong>: Aplicar sobre el cutis limpio de 15 a 30 min, agregar unas gotitas de agua hasta formar una pasta homog\u00e9nea, Exfoliar y enjuagar, usar de 1 a 2 veces por semana<br \/>\n<strong>Extractos<\/strong>: Menta, Hamamelis, Pepino, Zumo de mandarina, Miel<br \/>\n<strong>Recomendaciones<\/strong>: Pieles mixtas y\/o grasas,<br \/>\n<strong>Aroma<\/strong>:Fresco Mentolado<br \/>\n<strong>Consistencia<\/strong>: Semi s\u00f3lida<br \/>\n<strong>INGREDIENTES<\/strong>:<\/p>\n<p>Extracto de Mandarina, Extracto de Pepino, Agua Destilada, Arcilla Verde, Aceite de Coco, Estearato de Glicerilo, Triglic\u00e9rido Capr\u00edlico, Extracto de Hamamelis, Miel de Abeja, Az\u00facar, Arroz Molido, Aceite Esencial de Romero, Sal de Mar, Aceite Esencial de Menta, Aceite Esencial de \u00e1rbol de t\u00e9, Conservador Org\u00e1nico<\/p>\n<p>&nbsp;<\/p>\n","protected":false},"excerpt":{"rendered":"<p>Ayuda a purificar y desintoxicar los poros. Elimina el exceso de grasa y el brillo facial. Contiene hamamelis y romero que nutren y alivian la piel irritada.<\/p>\n","protected":false},"featured_media":4558,"comment_status":"open","ping_status":"closed","template":"","meta":[],"product_brand":[],"product_cat":[228,296],"product_tag":[298],"class_list":{"0":"post-1927","1":"product","2":"type-product","3":"status-publish","4":"has-post-thumbnail","6":"product_cat-cara","7":"product_cat-mascarillas","8":"product_tag-mascarilla","9":"product_shipping_class-mensajeria","11":"first","12":"instock","13":"shipping-taxable","14":"purchasable","15":"product-type-simple"},"_links":{"self":[{"href":"https:\/\/makua.com.mx\/eshop\/wp-json\/wp\/v2\/product\/1927","targetHints":{"allow":["GET"]}}],"collection":[{"href":"https:\/\/makua.com.mx\/eshop\/wp-json\/wp\/v2\/product"}],"about":[{"href":"https:\/\/makua.com.mx\/eshop\/wp-json\/wp\/v2\/types\/product"}],"replies":[{"embeddable":true,"href":"https:\/\/makua.com.mx\/eshop\/wp-json\/wp\/v2\/comments?post=1927"}],"wp:featuredmedia":[{"embeddable":true,"href":"https:\/\/makua.com.mx\/eshop\/wp-json\/wp\/v2\/media\/4558"}],"wp:attachment":[{"href":"https:\/\/makua.com.mx\/eshop\/wp-json\/wp\/v2\/media?parent=1927"}],"wp:term":[{"taxonomy":"product_brand","embeddable":true,"href":"https:\/\/makua.com.mx\/eshop\/wp-json\/wp\/v2\/product_brand?post=1927"},{"taxonomy":"product_cat","embeddable":true,"href":"https:\/\/makua.com.mx\/eshop\/wp-json\/wp\/v2\/product_cat?post=1927"},{"taxonomy":"product_tag","embeddable":true,"href":"https:\/\/makua.com.mx\/eshop\/wp-json\/wp\/v2\/product_tag?post=1927"}],"curies":[{"name":"wp","href":"https:\/\/api.w.org\/{rel}","templated":true}]}}