{"id":1918,"date":"2016-08-17T19:53:46","date_gmt":"2016-08-17T19:53:46","guid":{"rendered":"https:\/\/makua.com.mx\/eshop\/?post_type=product&#038;p=1918"},"modified":"2026-03-26T19:40:14","modified_gmt":"2026-03-27T01:40:14","slug":"crema-facial","status":"publish","type":"product","link":"https:\/\/makua.com.mx\/eshop\/producto\/crema-facial\/","title":{"rendered":"Crema facial Germen de Trigo 50g"},"content":{"rendered":"<p><strong>Funciones<\/strong>: Hidrata, nutre y previene envejecimiento prematuro<br \/>\n<strong>Modo de empleo<\/strong>:\u00a0Aplicar ma\u00f1ana y noche sobre un rostro limpio.<br \/>\n<strong>Extractos<\/strong>:\u00a0Aceite de Germen de trigo, Manteca de Karit\u00e9, Vitamina E y A<br \/>\n<strong>Recomendaciones<\/strong>: Pieles normales a secas<br \/>\n<strong>Aroma<\/strong>: Herbal<br \/>\n<strong>Consistencia<\/strong>: Semi Solida<br \/>\n<strong>Ingredientes<\/strong>: Monosterato de glic\u00e9rido, Oleato de decilo, Agua destilada, Aceite de Germen de trigo, Vitamina E y A, manteca de Karit\u00e9, extracto de c\u00edtricos como conservador natural.<\/p>\n","protected":false},"excerpt":{"rendered":"<p>Para pieles normales, esta crema ayuda a hidratar y a nutrir. El Aceite de germen de trigo tiene prote\u00ednas, vitaminas, minerales y antioxidantes que mejorar\u00e1n notablemente el aspecto de tu piel, promueve una buena circulaci\u00f3n, ayuda a revertir los da\u00f1os ocasionados en la piel por exposici\u00f3n a contaminantes.<br \/>\nLa manteca de karit\u00e9 es un regenerador celular natural previene el envejecimiento cicatriza e hidrata, tiene grandes propiedades suavizantes y restructurantes en arrugas y estr\u00edas.<\/p>\n","protected":false},"featured_media":4552,"comment_status":"open","ping_status":"closed","template":"","meta":[],"product_brand":[],"product_cat":[228,248],"product_tag":[365],"class_list":{"0":"post-1918","1":"product","2":"type-product","3":"status-publish","4":"has-post-thumbnail","6":"product_cat-cara","7":"product_cat-crema-facial","8":"product_tag-vegano","9":"product_shipping_class-mensajeria","11":"first","12":"instock","13":"shipping-taxable","14":"purchasable","15":"product-type-simple"},"_links":{"self":[{"href":"https:\/\/makua.com.mx\/eshop\/wp-json\/wp\/v2\/product\/1918","targetHints":{"allow":["GET"]}}],"collection":[{"href":"https:\/\/makua.com.mx\/eshop\/wp-json\/wp\/v2\/product"}],"about":[{"href":"https:\/\/makua.com.mx\/eshop\/wp-json\/wp\/v2\/types\/product"}],"replies":[{"embeddable":true,"href":"https:\/\/makua.com.mx\/eshop\/wp-json\/wp\/v2\/comments?post=1918"}],"wp:featuredmedia":[{"embeddable":true,"href":"https:\/\/makua.com.mx\/eshop\/wp-json\/wp\/v2\/media\/4552"}],"wp:attachment":[{"href":"https:\/\/makua.com.mx\/eshop\/wp-json\/wp\/v2\/media?parent=1918"}],"wp:term":[{"taxonomy":"product_brand","embeddable":true,"href":"https:\/\/makua.com.mx\/eshop\/wp-json\/wp\/v2\/product_brand?post=1918"},{"taxonomy":"product_cat","embeddable":true,"href":"https:\/\/makua.com.mx\/eshop\/wp-json\/wp\/v2\/product_cat?post=1918"},{"taxonomy":"product_tag","embeddable":true,"href":"https:\/\/makua.com.mx\/eshop\/wp-json\/wp\/v2\/product_tag?post=1918"}],"curies":[{"name":"wp","href":"https:\/\/api.w.org\/{rel}","templated":true}]}}