{"id":114,"date":"2013-06-07T11:22:50","date_gmt":"2013-06-07T11:22:50","guid":{"rendered":"http:\/\/demo2.woothemes.com\/woocommerce\/?post_type=product&#038;p=67"},"modified":"2025-01-13T19:47:08","modified_gmt":"2025-01-13T19:47:08","slug":"aceite-masaje-dolores-musculares","status":"publish","type":"product","link":"https:\/\/makua.com.mx\/eshop\/producto\/aceite-masaje-dolores-musculares\/","title":{"rendered":"Aceite para Masaje Dolores Musculares 125 ml"},"content":{"rendered":"<p><strong>Funciones<\/strong>: Calmante, relajante<br \/>\n<strong>Modo de empleo<\/strong>: Directo en la piel con suaves masajes hasta su completa absorci\u00f3n.<br \/>\n<strong>Extractos<\/strong>: Eucalipto, Romero, Clavo, Jengibre, Tomillo, Menta<br \/>\n<strong>Recomendaciones<\/strong>: Dolor en los m\u00fasculos, Pesadez en el cuerpo<br \/>\n<strong>Aroma<\/strong>: Fresco y Especiado<br \/>\n<strong>Consistencia<\/strong>: Oleosa<br \/>\n<strong>INGREDIENTES<\/strong>: Aceite esencial de eucalipto, Aceite esencial de romero, Aceite esencial de clavo, Aceite esencial de jengibre, Aceite esencial de tomillo, Aceite esencial de menta, Aceite de array\u00e1n y semilla de uva prensado en fr\u00edo<\/p>\n","protected":false},"excerpt":{"rendered":"<p>El Aceite esencial de Eucalipto, menta y romero relajan los m\u00fasculos, desinflaman gracias al  enfriamiento, son analg\u00e9sicos ayudan aliviar contracturas y dolores musculares. El aceite esencial de clavo disminuye el dolor muscular, el estr\u00e9s y es antioxidante. El aceite esencial de tomillo y jengibre alivian problemas de artritis, fatiga y heridas musculares.<\/p>\n","protected":false},"featured_media":5231,"comment_status":"open","ping_status":"closed","template":"","meta":[],"product_brand":[],"product_cat":[305,230],"product_tag":[],"class_list":{"0":"post-114","1":"product","2":"type-product","3":"status-publish","4":"has-post-thumbnail","6":"product_cat-aromaterapia","7":"product_cat-spa-en-casa","8":"product_shipping_class-mensajeria","10":"first","11":"instock","12":"shipping-taxable","13":"purchasable","14":"product-type-simple"},"_links":{"self":[{"href":"https:\/\/makua.com.mx\/eshop\/wp-json\/wp\/v2\/product\/114","targetHints":{"allow":["GET"]}}],"collection":[{"href":"https:\/\/makua.com.mx\/eshop\/wp-json\/wp\/v2\/product"}],"about":[{"href":"https:\/\/makua.com.mx\/eshop\/wp-json\/wp\/v2\/types\/product"}],"replies":[{"embeddable":true,"href":"https:\/\/makua.com.mx\/eshop\/wp-json\/wp\/v2\/comments?post=114"}],"wp:featuredmedia":[{"embeddable":true,"href":"https:\/\/makua.com.mx\/eshop\/wp-json\/wp\/v2\/media\/5231"}],"wp:attachment":[{"href":"https:\/\/makua.com.mx\/eshop\/wp-json\/wp\/v2\/media?parent=114"}],"wp:term":[{"taxonomy":"product_brand","embeddable":true,"href":"https:\/\/makua.com.mx\/eshop\/wp-json\/wp\/v2\/product_brand?post=114"},{"taxonomy":"product_cat","embeddable":true,"href":"https:\/\/makua.com.mx\/eshop\/wp-json\/wp\/v2\/product_cat?post=114"},{"taxonomy":"product_tag","embeddable":true,"href":"https:\/\/makua.com.mx\/eshop\/wp-json\/wp\/v2\/product_tag?post=114"}],"curies":[{"name":"wp","href":"https:\/\/api.w.org\/{rel}","templated":true}]}}